6. Calculate the highest common factor of c and 84.
12
Let d = -91 + 259. What is the highest common factor of 21 and d?
21
Suppose 0*w + w - 5*t = 25, -w - 3*t + 33 = 0. Calculate the highest common divisor of w and 150.
30
Suppose 0 = 4*t + 5*i - 38 - 57, 2*i = 3*t - 54. Calculate the highest common divisor of 60 and t.
20
Let f = 23 - 50. Let p = f + 40. Let o be (13/(-4))/((-7)/56). What is the highest common factor of p and o?
13
Suppose -3 = -l - 1. Calculate the greatest common factor of 22 and l.
2
Suppose 3*x = 4*x - 8. What is the highest common divisor of x and 80?
8
Let t = 11 + 22. Suppose -3*r + 2*v + t + 57 = 0, -v = 3*r - 81. What is the greatest common factor of 70 and r?
14
Let h(n) = -40*n - 17. Let s be h(-4). Calculate the highest common factor of 26 and s.
13
Suppose 4*t = -v + 78, -v + 4*t = 6*t - 84. Suppose 7*j = 3*j + 72. What is the highest common divisor of j and v?
18
Let d(x) = 3*x + 30. Let o be d(-8). What is the greatest common factor of o and 15?
3
Let f = 0 + 304. Let t(g) = 2*g**2 - 2*g - 2. Let r be t(-4). Calculate the greatest common divisor of r and f.
38
Let p(i) = -2*i**2 + 7*i + 24. Let x(f) = -f**2 + 4*f + 12. Let z(u) = 3*p(u) - 7*x(u). Let a be z(9). Calculate the greatest common factor of a and 9.
3
Let p be ((-3)/1)/6*-10. Let b be (-5)/2*(-4)/p. What is the greatest common factor of b and 2?
2
Let s(v) be the third derivative of v**6/120 + 3*v**5/20 - v**4/24 + v**3/2 + v**2. Let a be s(-6). What is the greatest common divisor of a and 13?
13
Suppose 4*b + 157 = -31. Let l = -31 - b. Suppose -2*c + m = -129, -5*c - 4*m + 211 = -105. Calculate the greatest common divisor of c and l.
16
Let t be -2*(5 + -3 - 4). Suppose -3*h = -t*h + 32. Calculate the greatest common factor of 8 and h.
8
Let k(p) = -3*p + 2. Let x be k(4). Let v = -5 - x. Let g be (v + -4)/(2/140). Calculate the highest common factor of g and 14.
14
Let p be 4*(3 + -2)*2. Let r(x) = x**2 + 1. Let c be r(2). Suppose -2*t = -c*j + 3*t + 285, -t = 4*j - 223. Calculate the greatest common factor of p and j.
8
Let s(k) = 4*k + 4. Let r be s(5). Suppose -8*n + 68 + 60 = 0. Calculate the greatest common factor of r and n.
8
Suppose -h + 80 = -5*q, -5*h = -h + 3*q - 320. Suppose 3*w - h = -w. What is the highest common factor of 8 and w?
4
Let p(y) = y - 5. Let q be -2*(-1 + 27/(-2)). Suppose -4*o + q = -2*o - 3*v, 3*o - 31 = 2*v. Let s be p(o). Calculate the highest common divisor of 4 and s.
2
Let a(q) = q**2 - 4*q - 3. Let p be a(4). Let s be (-1 - p/(-3))*-5. Suppose 3*x + u = -0*u + 63, x = -4*u + 32. What is the greatest common divisor of x and s?
10
Let b(w) = -w**3 + 5*w**2 + 8*w - 2. Let x be b(6). Suppose -7*y - 90 = -x*y. Calculate the greatest common factor of y and 12.
6
Suppose -4*o + 219 = -m, 2*o = -2*o + 2*m + 222. Calculate the highest common factor of 6 and o.
6
Suppose -51 = 33*z - 36*z. Calculate the greatest common divisor of z and 153.
17
Suppose -6*y - 186 = -3*x - 9*y, x = 5*y + 74. Calculate the greatest common divisor of 8 and x.
8
Let f be 24/(-9)*6/(-4). Suppose f = s - 3. Calculate the greatest common divisor of 7 and s.
7
Suppose -53 + 8 = -3*h. Suppose q - 54 = 2*a + 31, 135 = 2*q + 3*a. Calculate the highest common divisor of h and q.
15
Let d be (-246)/(-78) - 2/13. Let s be d - (3 + -2) - -138. Calculate the greatest common divisor of 20 and s.
20
Suppose -4*q = 20, 2*y + q - 68 = 5*q. Let b be 7 - (1 + 2 - 2). Calculate the greatest common divisor of b and y.
6
Let i(l) = -l**3 - 3*l**2 - 3*l. Let w be i(3). Suppose -2*t = 3*t + 525. Let s = w - t. Calculate the greatest common factor of 21 and s.
21
Let i be (1 - (-2 + 4)) + 6. Let x(y) = -y**2 - 5*y + y**2 + 5 + y**2. Let v be x(i). Calculate the greatest common factor of 15 and v.
5
Let m(k) = 10*k - 4. Let q(g) = g**2 - 4*g - 1. Let s be q(5). Let f be m(s). What is the highest common divisor of 24 and f?
12
Let j be 6/((-2)/(-6)*-2). Let i = 18 + j. What is the highest common divisor of i and 72?
9
Suppose 5*i - 8 - 7 = 0. Suppose 0 = 2*f - 9 - i. Calculate the highest common divisor of 24 and f.
6
Suppose 6*h - 20 = h, -5*h = -4*u + 736. Calculate the greatest common factor of 21 and u.
21
Let a be (1/((-4)/3))/((-14)/336). Calculate the highest common factor of 144 and a.
18
Let s = 18 - 9. Let q = s - 4. Let d = -3 + q. What is the greatest common factor of d and 10?
2
Suppose 0 = -f + 2*f - 6. Suppose i - 5*i + 4 = 0. Suppose 2*y - 4*q = -i + 17, 42 = 3*y + 3*q. What is the greatest common factor of y and f?
6
Suppose 0 = 3*h + 1 - 10. Let s be ((-5)/(-10))/(2/(-4)). Let y be s + -2 - (-144)/6. Calculate the greatest common factor of y and h.
3
Let p = -12 - -17. Suppose p*i - 1 = 4. Let h(v) = 5*v**2 + 1. Let q be h(i). What is the greatest common divisor of 3 and q?
3
Let s(k) = 4*k + k - 6 - 6*k. Let r be s(-10). What is the highest common factor of r and 4?
4
Let f(m) = -m + 1. Let i be f(-9). Suppose 9 = -3*q + 3*g, 0 = -0*g - 2*g + 4. Let h = 1 - q. Calculate the greatest common factor of i and h.
2
Suppose 153 = 3*j - 2*i - 97, -5*j = -5*i - 415. Suppose -j = -3*g + 147. What is the highest common divisor of g and 11?
11
Let c(g) = 7*g - 3. Let s be c(2). Let i = s - 9. Suppose 3*y - 36 = 6. What is the greatest common divisor of i and y?
2
Let v(o) = 4*o - 6. Suppose 0 = d + 2*d - 18. Let n be v(d). Let t = n - 6. Calculate the greatest common factor of 108 and t.
12
Let v be 1*(-2)/6 - 48/(-9). What is the greatest common factor of 55 and v?
5
Let y(m) = 3*m**2 - 3*m - 16. Let d be y(5). What is the greatest common factor of d and 22?
22
Let f(r) = r**2 - 5*r - 4. Let w be f(-3). Let s = 13 - w. Let o = s - -10. Calculate the greatest common factor of o and 3.
3
Suppose y - 12 = -3*y. Let r = y + -1. Suppose 18 = 2*v - r. Calculate the greatest common factor of 4 and v.
2
Suppose -4*v + 6*t = 3*t - 12, 4 = -5*v - t. Suppose v*j + 15 = -3*j, p - 5 = -j. Calculate the greatest common factor of 25 and p.
5
Let r be 7/5 - (-36)/(-90). What is the greatest common divisor of r and 2?
1
Let w be (-1)/(-2) + (-22)/(-4). Suppose 3*h + 5*m - 20 = -0*h, w = -3*m. What is the greatest common factor of 80 and h?
10
Let a(g) = g**2 + 9*g + 1. Suppose -4*q = 15 + 25. Let l be a(q). Calculate the highest common factor of 55 and l.
11
Suppose 16 = 2*c - 3*j, 0*j + 2*j + 18 = 5*c. Suppose -2*u + 96 = c*u. Suppose -u = -3*i - 9. Calculate the greatest common divisor of 45 and i.
5
Suppose 5 = -z + 2*p - 3*p, 0 = z + 5*p + 25. Suppose 0*b - b + 8 = z. Calculate the highest common factor of b and 16.
8
Let d(y) = y**2 - y - 5. Let b be d(-5). Let l = b + -18. Let o = 31 - -46. What is the highest common factor of l and o?
7
Let m = -72 - -112. What is the highest common divisor of m and 100?
20
Let q = -5 + 26. Let b = 42 - 28. Calculate the highest common factor of q and b.
7
Let v(n) = -n + 200. Let t be v(0). Let a be (-372)/(-5) + 8/(-20). Suppose y = 3*g + 26, g - 4*g + a = 4*y. Calculate the greatest common factor of t and y.
20
Suppose -l + 116 = 2*i, -4*i + 116 + 112 = l. Let s be 5/((-20)/8) - -16. Calculate the highest common divisor of i and s.
14
Let j(a) = -2*a + 5. Let n be j(-6). Let s = n + 8. What is the highest common factor of 10 and s?
5
Let f = 186 - 182. Calculate the highest common factor of 14 and f.
2
Suppose w + 256 = -3*w. Let l = w - -95. What is the greatest common factor of l and 248?
31
Suppose 74 = s + 19. Let b be (1 - 4 - -1)*-1. Suppose -3*y + b = 4*t - 3, 2*y - 5 = -3*t. What is the greatest common divisor of s and t?
5
Let q be (-15)/25 - (-43)/5. Suppose -35 = -4*w - a, 5*a + 26 = 4*w + 3*a. Calculate the highest common factor of q and w.
8
Let r(n) = -3 + 0 + 7*n - 6 + 1. Let u be r(6). Suppose c = -c + u. Calculate the greatest common factor of 68 and c.
17
Suppose 5*d - 5*l + 29 + 16 = 0, -4*d + 3*l - 34 = 0. Let f be (-3)/d - (-456)/14. What is the greatest common divisor of f and 3?
3
Let k(z) = -z**3 - 3*z**2 + 2*z - 2. Let x be k(-4). Let i = x - 1. Let u be (2/7)/(4/28). Calculate the highest common factor of u and i.
1
Suppose 0 = 5*q - 4*x - 187, -q + 2*q + 5*x - 20 = 0. Suppose 4*d - 2*f - f - 44 = 0, 4*d = -4*f + 72. What is the highest common divisor of d and q?
7
Let f be (28/(-2) - 2)/(-1). Suppose 